75.
92
Calculate the remainder when 344462 is divided by 727.
591
What is the remainder when 16959 is divided by 680?
639
Calculate the remainder when 406293 is divided by 25393.
5
Calculate the remainder when 21138485 is divided by 39.
17
What is the remainder when 1616361 is divided by 430?
421
What is the remainder when 346732 is divided by 1507?
122
What is the remainder when 411426191 is divided by 52?
7
Calculate the remainder when 6557809 is divided by 20.
9
What is the remainder when 6772438 is divided by 4521?
4501
Calculate the remainder when 133967 is divided by 1501.
378
Calculate the remainder when 1320374 is divided by 799.
426
Calculate the remainder when 18339037 is divided by 194.
23
What is the remainder when 26504 is divided by 2586?
644
Calculate the remainder when 861628072 is divided by 1895.
1892
What is the remainder when 3564531 is divided by 7?
5
Calculate the remainder when 2069141 is divided by 517268.
69
Calculate the remainder when 148857 is divided by 488.
17
Calculate the remainder when 11921386 is divided by 2980345.
6
What is the remainder when 775127 is divided by 866?
57
What is the remainder when 22052967 is divided by 3218?
13
Calculate the remainder when 1222536 is divided by 33957.
84
What is the remainder when 344287485 is divided by 32?
29
Calculate the remainder when 130959 is divided by 2419.
333
What is the remainder when 32028264 is divided by 188?
20
What is the remainder when 17563800 is divided by 1597?
1591
Calculate the remainder when 402059894 is divided by 345.
344
What is the remainder when 4676790 is divided by 783?
714
Calculate the remainder when 12401 is divided by 1254.
1115
Calculate the remainder when 1273687 is divided by 424555.
22
Calculate the remainder when 836446 is divided by 540.
526
Calculate the remainder when 2002366 is divided by 10423.
1150
What is the remainder when 63665 is divided by 2364?
2201
What is the remainder when 54302062 is divided by 609?
577
What is the remainder when 93539 is divided by 46759?
21
What is the remainder when 49989599 is divided by 131?
130
Calculate the remainder when 1045803 is divided by 551.
5
Calculate the remainder when 1154277 is divided by 1537.
1527
Calculate the remainder when 25395454 is divided by 3076.
3074
What is the remainder when 195671 is divided by 24391?
543
Calculate the remainder when 1900924 is divided by 8.
4
Calculate the remainder when 75131 is divided by 1184.
539
Calculate the remainder when 214101 is divided by 10701.
81
What is the remainder when 13277849 is divided by 2091?
2090
What is the remainder when 7422931 is divided by 56?
19
Calculate the remainder when 15110 is divided by 15089.
21
Calculate the remainder when 904111 is divided by 118.
113
What is the remainder when 38041328 is divided by 2951?
2938
Calculate the remainder when 593620 is divided by 567.
538
Calculate the remainder when 7984179 is divided by 42469.
7
What is the remainder when 7678443 is divided by 1919606?
19
Calculate the remainder when 5925894 is divided by 682.
678
Calculate the remainder when 7186332 is divided by 194.
184
Calculate the remainder when 5163657 is divided by 1965.
1602
Calculate the remainder when 2039601 is divided by 28.
25
Calculate the remainder when 443819 is divided by 188.
139
What is the remainder when 1656327022 is divided by 62?
60
Calculate the remainder when 48718 is divided by 3831.
2746
What is the remainder when 9867960 is divided by 2466989?
4
Calculate the remainder when 32635949 is divided by 359.
336
Calculate the remainder when 588726 is divided by 100.
26
What is the remainder when 883052 is divided by 11616?
236
What is the remainder when 128005 is divided by 4567?
129
Calculate the remainder when 121979 is divided by 1299.
1172
What is the remainder when 382230 is divided by 6833?
6415
What is the remainder when 21753410 is divided by 673?
31
Calculate the remainder when 166652 is divided by 653.
137
Calculate the remainder when 765395 is divided by 3074.
3043
What is the remainder when 10878746 is divided by 18?
14
What is the remainder when 52606 is divided by 13089?
250
What is the remainder when 13558137 is divided by 50?
37
Calculate the remainder when 402450700 is divided by 89.
87
Calculate the remainder when 587710 is divided by 1667.
926
Calculate the remainder when 134881 is divided by 21887.
3559
Calculate the remainder when 15675 is divided by 5172.
159
What is the remainder when 29787431 is divided by 17?
14
Calculate the remainder when 1921414 is divided by 2938.
2900
What is the remainder when 630261 is divided by 3030?
21
Calculate the remainder when 17300130 is divided by 1316.
1310
Calculate the remainder when 38358881 is divided by 85.
81
What is the remainder when 725049 is divided by 3796?
13
Calculate the remainder when 57322 is divided by 4312.
1266
Calculate the remainder when 59183143 is divided by 7397891.
15
What is the remainder when 2556802 is divided by 2018?
2014
Calculate the remainder when 4980625 is divided by 55.
45
What is the remainder when 28549797 is divided by 200?
197
Calculate the remainder when 1972091 is divided by 2979.
2972
What is the remainder when 20162206 is divided by 2109?
166
What is the remainder when 8008102 is divided by 159?
67
Calculate the remainder when 11625986 is divided by 393.
260
What is the remainder when 6754642 is divided by 490?
482
Calculate the remainder when 72432643 is divided by 4008.
67
What is the remainder when 4606953 is divided by 767825?
3
Calculate the remainder when 106202 is divided by 6634.
58
What is the remainder when 991846 is divided by 9909?
946
Calculate the remainder when 34519 is divided by 5714.
235
Calculate the remainder when 6263706 is divided by 29.
25
What is the remainder when 170028421 is divided by 73?
33
Calculate the remainder when 1258053 is divided by 251601.
48
What is the remainder when 25316 is divided by 12089?
1138
Calculate the remainder when 2052429 is divided by 7774.
93
Calculate the remainder when 2621 is divided by 2044.
577
What is the remainder when 54593723 is divided by 95?
73
What is the remainder when 3204927 is divided by 7541?
2
Calculate the remainder when 8344977 is divided by 2781655.
12
What is the remainder when 6578494 is divided by 346?
342
Calculate the remainder when 120473 is divided by 59981.
511
What is the remainder when 741353 is divided by 454?
425
Calculate the remainder when 27367 is divided by 3801.
760
Calculate the remainder when 16754190 is divided by 26.
24
Calculate the remainder when 3724 is divided by 582.
232
What is the remainder when 13379 is divided by 1925?
1829
What is the remainder when 826290 is divided by 459?
90
Calculate the remainder when 1052517 is divided by 1013.
10
What is the remainder when 6913672 is divided by 307?
32
Calculate the remainder when 72634011 is divided by 938.
919
What is the remainder when 163129 is divided by 159967?
3162
What is the remainder when 6858692 is divided by 312?
308
What is the remainder when 975497 is divided by 4478?
3771
Calculate the remainder when 699171 is divided by 620.
431
Calculate the remainder when 117955666 is divided by 533736.
10
What is the remainder when 64689 is divided by 12920?
89
Calculate the remainder when 2230820 is divided by 184.
4
Calculate the remainder when 370188 is divided by 52866.
126
What is the remainder when 16522 is divided by 2339?
149
Calculate the remainder when 403139 is divided by 3418.
3233
Calculate the remainder when 59536 is divided by 324.
244
Calculate the remainder when 22358585 is divided by 862.
29
What is the remainder when 711193548 is divided by 25?
23
Calculate the remainder when 280513 is divided by 29.
25
Calculate the remainder when 1208643 is divided by 346.
65
Calculate the remainder when 228986 is divided by 32602.
772
What is the remainder when 10557 is divided by 1211?
869
Calculate the remainder when 1853722 is divided by 463429.
6
Calculate the remainder when 320471 is divided by 10669.
401
What is the remainder when 245827 is divided by 1217?
1210
Calculate the remainder when 1393370 is divided by 710.
350
What is the remainder when 318572 is divided by 105868?
968
What is the remainder when 359049 is divided by 302?
273
Calculate 